y and c?
12
Let u(m) = -30*m - 10. Let p be u(-4). Let x be (-4)/12 - 31/(-3). What is the highest common factor of x and p?
10
Let k(o) = -210*o**3 + o**2 - 1. Let r be k(-1). Suppose -4*n + 40 = -16. What is the highest common divisor of n and r?
14
Suppose -2*k + 252 + 58 = 0. Calculate the highest common factor of k and 5.
5
Suppose 5*f = -3*c + 173 + 115, 2*f - 104 = -4*c. Suppose -h - 495 = -12*h. Calculate the highest common divisor of h and f.
15
Suppose 4*t = -6 - 14, -z - 5*t - 7 = 0. Let n be 12*-1*(3 - 4). What is the greatest common divisor of n and z?
6
Let p be (-23)/4 - 1/16*4. Let j = 26 + p. What is the greatest common factor of j and 4?
4
Suppose 70 - 4 = 2*p + z, 0 = -4*p - 3*z + 134. Suppose 3*y - 63 = -3*k + k, y = -2*k + 53. What is the highest common divisor of p and k?
8
Let l(b) = b**2 + b. Let w(x) = 3*x**2 - x - 7. Let y(p) = 4*l(p) - w(p). Let u be y(-5). What is the greatest common factor of u and 35?
7
Suppose -2*u = 4*n - 1508, -4*u + 2*n + 2318 + 708 = 0. What is the greatest common factor of 7 and u?
7
Let x(j) = j**2 - 7*j - 1. Let m be x(7). Let q(l) = -14*l**3 - l**2 - l - 1. Let v be q(m). Calculate the greatest common factor of 65 and v.
13
Suppose 0 = -4*b - u - 4, -4*b - 5*u + 10 = 30. Suppose 5*f - 1033 + 43 = b. Calculate the greatest common divisor of 18 and f.
18
Let t be 2/3 + 98/6. Suppose -3*x + 66 = -0*x + 5*g, -3*g - 90 = -3*x. Let r = x - t. What is the greatest common divisor of r and 25?
5
Suppose 9 = 3*y - 6. Let c be 15*3/(75/80)*-1. Let j be c/y*(-40)/6. What is the greatest common factor of j and 8?
8
Let x = -613 + 856. What is the greatest common divisor of x and 648?
81
Let h = 375 - 285. What is the highest common divisor of 10 and h?
10
Let v be 37*((-24)/(-6) - 3). What is the greatest common divisor of v and 407?
37
Suppose -3*s + 0*s = -57. Let x(j) = j**3 + 8*j**2 - 3*j + 1. Let h be x(-5). Suppose 365 = 3*b - h. What is the highest common factor of b and s?
19
Suppose -m + 34 - 27 = 0. Calculate the greatest common divisor of m and 1393.
7
Suppose 33 = 2*s - 31. Let p = 44 - 40. Let x = p - -12. Calculate the greatest common factor of x and s.
16
Let w = -6 + 10. Suppose -w*r + 56 = -16. Let c(x) = x**3 - 3*x**2 - 5*x + 21. Let h be c(3). What is the greatest common factor of h and r?
6
Let s be 0 + 7 + -5 + (-2 - -48). What is the highest common divisor of 888 and s?
24
Suppose 90 = 6*o - 7*o. Let z be (o/(-8))/((-18)/(-48)). Calculate the highest common factor of 120 and z.
30
Suppose -2*c - 21*c = -368. Suppose i + 3*y - 64 = 2*y, -i = -5*y - 64. Calculate the highest common factor of i and c.
16
Let k(j) = -4*j - 11. Let v be k(-8). Let n(c) = -c**3 - 11*c**2 + 52*c - 117. Let y be n(-15). What is the highest common factor of v and y?
3
Let d = 423 + 565. What is the highest common divisor of d and 152?
76
Let z be ((-42)/(-126))/(1/651). Calculate the greatest common divisor of z and 7.
7
Suppose -i - 2*a - 7 = 0, -i + 2*a + 2*a + 23 = 0. Let r be 9/(4/(-16)*-2). Suppose -r*h + 14*h = -12. Calculate the highest common divisor of i and h.
3
Let g be (-11 - -11 - 37/(-1)) + -6. Calculate the highest common factor of 496 and g.
31
Let d(q) = -2*q**2 + 97*q + 71. Let c be d(32). Calculate the highest common factor of 23 and c.
23
Let d = -18 + 27. Suppose 2*j = 17 - d. What is the highest common factor of 32 and j?
4
Let t = -160 + 277. Let b = -110 + t. What is the highest common factor of b and 189?
7
Suppose -12*l + 7*l + 155 = 5*n, -2*n + 29 = l. What is the highest common factor of 264 and l?
33
Let s(b) = -b**3 - 8*b**2 + 8. Let k be s(-8). Let r be (36/k)/(-3)*-2. What is the greatest common factor of r and 9?
3
Let f(o) = -2 - 5 + 3 - 56*o + 3. Let w be f(-2). What is the highest common factor of w and 74?
37
Suppose -9*w + 12*w + 126 = 0. Let d be 60/(-24)*w/5. What is the highest common divisor of 14 and d?
7
Suppose 296*v = 306*v - 7840. Calculate the greatest common divisor of v and 147.
49
Suppose -2*q - 6 = 10. Let x be (q - (-4 + 2))*5/(-6). Calculate the greatest common divisor of 55 and x.
5
Let h(d) = -d**3 - 21*d**2 - 22*d - 20. Let r be h(-20). Let s be r/(-3)*138/(-115). Calculate the greatest common factor of s and 2.
2
Let w(n) = -n**3 - 12*n**2 + 42*n - 15. Let d be w(-15). Calculate the highest common factor of d and 120.
30
Let n(c) = -c**2 + 3*c - 1. Let p be n(5). Let r = -722 + 734. Let y = p + r. What is the highest common divisor of y and 2?
1
Let y be 1/(3/(-6) + 1). Suppose -y*p + p = 3. Let k be p/((-6)/92) + -1. What is the greatest common divisor of k and 5?
5
Suppose -18*c = -45 - 27. Suppose -2*u = 4*g - 44, -c*g - 25 - 3 = -4*u. Calculate the greatest common divisor of u and 8.
4
Suppose n + 1998 = 4*y - 4*n, -3*y = 3*n - 1485. Let a = -326 + y. Let q be 3/(-6) + a/18. What is the greatest common divisor of 3 and q?
3
Let b = 1353 + -1307. What is the highest common divisor of 1288 and b?
46
Suppose -4*r = 5*k - 216 - 512, 0 = -3*k + 2*r + 428. Calculate the highest common divisor of k and 208.
16
Let g be 467/3 - (-145)/(-87). Suppose -4*v + 78 = 5*j, 0 = -j - 0*v - v + 16. Calculate the greatest common factor of j and g.
14
Let b = 48 - 7. Let m be ((-24)/(-36))/((1 - -5)/3690). What is the highest common factor of b and m?
41
Let t be (-1)/((-262)/87 - -3) - -1. Suppose 11*a = 539 - t. What is the greatest common factor of a and 451?
41
Let n(f) = -f**3 - 18*f**2 + 20*f + 9. Let u be n(-19). Let j be 4/u - (-312)/30. What is the highest common divisor of 2 and j?
2
Let j(h) = -4*h + 16. Let q be j(-5). Calculate the highest common factor of q and 24.
12
Suppose -3*a = -2*j + 15, -j - 4*a = 4*j - 3. Let r be 6 - (j - 4) - 3. What is the greatest common factor of r and 20?
4
Let f be 6*-4*(-1)/3. Suppose 2*v = 5*l - 46, -2*v + f = 4*l - 36. Let z = -567 + 569. Calculate the highest common factor of l and z.
2
Suppose 5*h - 831 - 214 = 0. Calculate the highest common factor of h and 22.
11
Suppose 25*m - 32130 = -9*m. What is the highest common divisor of 63 and m?
63
Let h(m) = -m**3 + 47*m**2 - 21*m + 65. Let a be h(46). What is the greatest common divisor of 15 and a?
15
Let o = 1329 - 601. What is the highest common divisor of o and 26?
26
Let s = 755 + -699. What is the greatest common divisor of 98 and s?
14
Suppose 0*y = -3*i + 3*y + 237, 0 = 3*i - 2*y - 235. Let c = i - 64. Suppose u + u = 52. What is the greatest common divisor of c and u?
13
Suppose -22*o + 14364 = 14*o. Calculate the greatest common divisor of o and 21.
21
Let k(a) = -a**3 - 6*a**2 - 7*a - 9. Let b be k(-6). Let i be -1*(-5 + 1 - b). Calculate the greatest common factor of 74 and i.
37
Suppose -k - 3*u - 72 = -3*k, -5*k + 5*u + 190 = 0. Calculate the highest common divisor of 112 and k.
14
Let b = 290 + -194. What is the greatest common divisor of 144 and b?
48
Let a = -258 + 474. What is the greatest common divisor of a and 16?
8
Let f(h) = -h**3 + h. Suppose -2*k = -2, -5*n + 4*k = -0*k + 14. Let d be f(n). What is the highest common divisor of 15 and d?
3
Suppose 2*o = -3*w + 18, o - 7 = -5*w + 2. Let b(t) = 3*t + 15. Let u be b(o). Calculate the greatest common factor of u and 14.
14
Let m = 2271 + -2214. What is the highest common factor of m and 399?
57
Suppose -33*y + 2178 = -22*y. Calculate the highest common factor of y and 88.
22
Suppose i - 16*q = -21*q + 13, 2*q = 0. Suppose 14 = -o - 5*n + 2, -n = 5. Calculate the highest common factor of i and o.
13
Let g = 780 + -742. Let m = 346 - -72. What is the greatest common factor of m and g?
38
Let j be 111/2*2/(-3). Let p = j - -76. Suppose 5*l = -h + p, -4*l = 4*h - 35 - 41. What is the greatest common factor of 56 and h?
14
Let q(a) = a + 7. Let f be q(-5). Suppose -p - f*p = -288. Let i be 115/(-253)*11*(-48)/10. Calculate the highest common factor of i and p.
24
Let d = -43 + 92. Let t be 1/2*(0 - -72). Suppose 4*w = i + 3*i + t, 2*i = w - 11. What is the highest common divisor of d and w?
7
Suppose -10*u = 2*k - 15*u - 170, 3*u = 2*k - 174. What is the highest common factor of 54 and k?
18
Suppose 5*q = 1825 + 105. Suppose 5*s = 15, -103 = 5*d + s - q. Calculate the greatest common divisor of 7 and d.
7
Let j(r) = 18*r**2 - 14*r + 5. Let v be j(3). Suppose 101 = 3*a + 26. What is the highest co